51, -5*i - 5 + 20 = 0. Let u = f - -3. Suppose y = -y + u. Is y prime?
False
Suppose -n = -2*j + 536, 6*n - 3*n + 2*j = -1600. Is ((-6)/(-18))/((-2)/n) composite?
False
Let v = 37 + -23. Suppose 2*r = 2, 4*r - v = 4*u + 6*r. Is (u/(-6))/(8/132) a composite number?
False
Suppose 8*u = 2*s + 3*u + 4, 4*u = -s + 11. Suppose -3*w + w + 24 = -j, 34 = s*w - j. Is w a composite number?
True
Let m(x) = x**3 - 5*x**2 + x - 5. Let b be m(5). Suppose b = 4*u - 0*u. Suppose u = 2*p - 5*p + 489. Is p a composite number?
False
Suppose 3*p - 16206 = -3*s, -27019 = -2*p - 3*p + 4*s. Is p a composite number?
True
Let c(r) = 14*r + 5. Let u(x) = x - 1. Let o(k) = c(k) + 6*u(k). Is o(2) prime?
False
Suppose s - 27 = -i, 0*s - s = -2*i - 33. Let h = -98 + 84. Let p = s + h. Is p composite?
True
Suppose f + 2 = 0, -3*l + 4*f - 6*f = -5807. Is l a prime number?
False
Let a = -2 - -6. Suppose 2 = w - a. Is w a prime number?
False
Suppose 0*q = -4*q + 3820. Is q prime?
False
Let y be 1149 - (2 + 1) - 2. Suppose -5*m + y = -1071. Is m a composite number?
False
Suppose 3*f = 9 + 6. Let n(b) = 5*b**2 + 3*b - 2. Let h be n(-3). Suppose -3*u - 102 = -5*y, -y = f*u + 8 - h. Is y composite?
True
Suppose -404 = -4*u - 0*u. Suppose 0 = 5*w + 4*z - 810, -5*w + 4*z = -1182 + 412. Let d = w - u. Is d a prime number?
False
Suppose x + 14 = -2*h, 4*h + 5*x + 16 = -0*h. Let t = -17 + 2. Let r = h - t. Is r composite?
True
Suppose 5*x - 830 = -0*o - o, -4*x + 664 = 3*o. Suppose -x = -n - n. Is n prime?
True
Let d(y) be the second derivative of -y**5/20 + 7*y**4/12 + y**3/3 - 4*y**2 + 2*y. Let z be d(7). Is 381/(-1)*(-2)/z a composite number?
False
Is -1*1*(-1 + 0)*691 a prime number?
True
Let n(z) = 5*z - 1651. Let t(j) = 2*j - 550. Let x(h) = -3*n(h) + 8*t(h). Is x(0) prime?
False
Is 0 + 155 - (-1 - -1) prime?
False
Let p(q) = -q**2 + q + 5. Let k be p(0). Let m(l) = l**2 + l + 7. Is m(k) a prime number?
True
Is (213/(-6))/(1/(-2)) prime?
True
Let b = 1692 - 703. Is b prime?
False
Suppose 6*m - m = -5*p + 9845, 7876 = 4*m + p. Is m composite?
True
Let z(q) = -q**3 - 6*q**2 + 6*q + 9. Suppose j + 4*j + 40 = 0. Is z(j) a prime number?
True
Suppose -3*j + 2 = -172. Is j + 1/(-2 + 1) a prime number?
False
Suppose 3*j = 2 + 13. Suppose 3*k + 26 = -j*g + 141, g - 72 = -2*k. Is k a prime number?
False
Let r = -114 - -167. Let l = r + 6. Is l composite?
False
Let l(u) = u**3 + 2*u**2 + 5*u - 7. Is l(7) a composite number?
True
Let n = -16 + -29. Let g = 26 - n. Suppose 3*i - 4 = g. Is i a prime number?
False
Let c be (-2)/12 + (-687)/(-18). Let m(a) = -a**2 + 5*a - 2. Let r be m(4). Suppose -j + 23 = -b, -r*j + c + 17 = b. Is j a prime number?
False
Suppose 0 = w - 5*w + 52. Is w composite?
False
Let t = -3 - -3. Suppose -24 = -2*u - t*u. Let l = 22 - u. Is l a composite number?
True
Suppose 4*d + 0*d + 176 = -4*g, d = -1. Let h = 24 - g. Is h composite?
False
Let l(p) = 0 - 5*p + 8*p**2 - 2 - 2*p**2 - 3. Is l(-8) prime?
True
Suppose 5*x - 3*c + 9 = 0, c = -4*x + 2*c - 10. Let w be (-4 - -2) + (-6)/x. Suppose w = 4*z + 5*f - 215, -111 = -3*z + z + f. Is z prime?
False
Let l(t) = 5*t**3 + 6*t**2 + 10. Let r(f) = 4*f**3 + 6*f**2 - f + 9. Let g(z) = 2*l(z) - 3*r(z). Is g(-6) a composite number?
False
Is -1 - 2*(-696 - 3) a prime number?
False
Is (-6284)/(-52) + 2/13 a composite number?
True
Let g(a) = 5*a**2 + 8*a - 5. Let j(h) = 10*h**2 + 16*h - 10. Let o(z) = 7*g(z) - 3*j(z). Is o(6) composite?
False
Let g = 20 - -41. Let i = -40 + g. Is i prime?
False
Let s(z) = -z**3 + 18*z**2 + 15*z + 16. Let p be s(19). Let f(g) = -157*g**3 - g**2 - g. Let h be f(-1). Let m = p + h. Is m prime?
True
Let b(h) = h**3 + 10*h**2 + 10*h + 13. Let j be b(-9). Is 2/j - (-2610)/20 prime?
True
Let t(s) = 20*s**2 - 3*s - 5. Let v be t(-6). Suppose 0 = 2*m - 0*d - 3*d - 1462, -m + d = -v. Is m a composite number?
True
Suppose 5*k = -79 - 161. Let p be -4*((-381)/12 - 0). Let w = k + p. Is w composite?
False
Let r(w) be the third derivative of w**5/20 - w**2. Let k be r(1). Suppose k*i - 53 = -l, l + 0*l - 15 = -i. Is i composite?
False
Let b be (3 + 2)*(0 - -1). Suppose b*j + 660 = 2875. Is j a composite number?
False
Let d be (-54)/(-9)*(-3)/(-2). Let r(t) = t + 3. Let i be r(0). Suppose i*v - 150 - d = 0. Is v prime?
True
Suppose 0 = -8*w + 325 + 3251. Is w a prime number?
False
Let v = -609 - -1004. Suppose v + 1102 = 3*b. Is b prime?
True
Let t(m) = -m**3 + m + 291. Is t(0) a prime number?
False
Suppose 3*i - 10 = -6*v + 2*v, -2*v - 4*i = 0. Suppose 47 = 4*b - 2*g - 49, -92 = -4*b + v*g. Is b prime?
False
Suppose -4*n + 6108 = 2*n. Is n a composite number?
True
Let k = 12 + -6. Let q be 2/k + 64/24. Suppose 0 = 4*s - 16, q*s - 105 = -0*m - m. Is m a prime number?
False
Let l(z) = -z**2 - 2*z + 1. Let o be l(1). Let j(t) = -3*t + 1. Let q be j(o). Let k = q + 30. Is k a composite number?
False
Suppose 0 = 17*p - 14*p - 1077. Is p a prime number?
True
Suppose -4*x + 3*x + 2 = 0. Let u be (x/(-6))/((-3)/5121). Suppose 3*s - 353 = -4*v, 4*s - 3*v - u = -s. Is s prime?
False
Let c(p) = 5*p**3 + 2*p**2 + 11*p + 1. Is c(6) a composite number?
True
Suppose -4*q + 2*g = -5*q - 362, 4*q - 4*g + 1508 = 0. Let n = -185 - q. Is n prime?
False
Let t(x) = -x**3 + 7*x**2 - 6*x - 6. Let v be (-16)/(-3) + (-3)/9. Is t(v) prime?
False
Suppose 2*p = p + 6. Suppose 5*n - 3*i - 13 = 0, 0 = n - p*i + 2*i - 6. Suppose 0 = 3*j + n*w - 22, -5 = -4*j - 2*w + 27. Is j a composite number?
True
Let h(p) = p**3 - 2*p**2 - p - 3. Suppose -4*s = -9 - 11. Is h(s) a prime number?
True
Suppose -2*h - h + 63 = 0. Let j be 6/h - (-40)/7. Let t(y) = 8*y**2 - 4*y + 1. Is t(j) a composite number?
True
Let n = 1356 + -313. Is n composite?
True
Is ((-7)/(-3))/(1/33) prime?
False
Let f be 2312/(-7) - 2/(-7). Suppose 0 = -3*i - 3*i + 18. Is (2/i)/((-4)/f) composite?
True
Let v be -1 - 2 - (-35)/5. Suppose 11 = v*r + 3. Is r composite?
False
Suppose -3*k - 2 = -4*k. Let a(z) = -k - 8*z + 2 - 3. Is a(-2) a composite number?
False
Let n(u) = -2*u**3 - 2*u**2 - 7*u - 2. Is n(-3) a composite number?
True
Suppose -2*t + 1 = -l, -2*l + 10 = -3*l - t. Let u be (-1577)/l + (-2)/7. Is (-1)/(-4) + u/12 a prime number?
True
Suppose -5*g - 2 = 13. Let m be g*((-24)/9)/4. Suppose 0 = 4*c + 4*o - 768, -o + 256 + 127 = m*c. Is c a composite number?
False
Let z = -2 + 2. Suppose z = l + 3*l + 168. Let g = -19 - l. Is g a prime number?
True
Let x = -125 + 372. Is x a composite number?
True
Let p(d) be the second derivative of -2*d - 7/2*d**2 + 0 - d**3 - 1/20*d**5 + 13/12*d**4. Is p(5) prime?
True
Let m be (6/4)/(3/8). Suppose 0 = -5*j + m*a + 333, -j + 3*a - 78 = -2*j. Is j prime?
False
Let a = 3 - 1. Suppose 2 = m, 5*m = -a*u + 4*u - 16. Is u a composite number?
False
Suppose 5*z = -5*m + 6090, z - 853 - 380 = 2*m. Is z composite?
False
Suppose 2*d = 3*h - 1 - 3, h + 16 = 5*d. Suppose 2*f = -y + d*y - 19, 14 = 2*y - 2*f. Suppose -s = 2*s - 3*r - 33, y*s - 4*r - 58 = 0. Is s prime?
False
Let d = 5 - -5. Suppose -d = c - 4*o, 0 = -0*o + o. Is c*(-1)/(6/21) a composite number?
True
Let h(c) = 5*c**2 - 7*c - 17. Is h(7) prime?
True
Let v(t) = 3*t + 13. Let f be v(-7). Let y(a) = -a**3 - 8*a**2 - 4*a - 11. Is y(f) a composite number?
True
Let k = 1413 + -764. Is k prime?
False
Let a be 474 + 1*(-2 + 1). Suppose l = 4*y - 228, 5*y - a = -5*l - 188. Is y composite?
True
Let l = 2 - 0. Suppose l*d - 506 = -4*x, 4*d - 7*x - 1012 = -3*x. Is d prime?
False
Let k(d) = 117*d**2 - 2*d - 1. Let n be k(-1). Suppose 3*h - 3*m = -2*m + 157, -h = -4*m - 45. Let r = n - h. Is r composite?
True
Suppose -10 = 2*z, 3*w + w - 4803 = -5*z. Is w a prime number?
False
Let l(t) = -31*t + 1. Let g be l(-1). Suppose g = 4*s - 104. Is s a composite number?
True
Suppose 2*g - 262 = 2*u, 5*u + 434 = 3*g + 33. Is g a composite number?
False
Let a be (-1)/3 - (-26)/6. Let t be a + -2 - (-3 + 0). Suppose t*y + 0*y - 105 = 0. Is y a prime number?
False
Let d(w) = -w**3 + 13*w**2 - 9*w + 23. Is d(12) a prime number?
True
Suppose 0 = -2*l + 4*j - 4, l + 0*l = 4*j - 6. Suppose -l*q + 0*q + 734 = 0. Is q prime?
True
Is -2 + -2 - (-58 + 1) prime?
True
Let x(h) = -h**3 - 7*h**2 - 6*h + 1. Let p be x(-5). Let g = -6 - p. Is g a composite number?
False
Let q(a) = 2*a**2 - 3*a + 1. Let u be q(2). Suppose -2 = 